rs of 18129626.
2, 41, 221093
List the prime factors of 2736388.
2, 17, 40241
List the prime factors of 1495392.
2, 3, 37, 421
What are the prime factors of 158045?
5, 73, 433
What are the prime factors of 1454600?
2, 5, 7, 1039
List the prime factors of 67484.
2, 16871
What are the prime factors of 24567?
3, 19, 431
List the prime factors of 185468.
2, 199, 233
What are the prime factors of 189273?
3, 7, 9013
What are the prime factors of 40687?
23, 29, 61
What are the prime factors of 5196697?
11, 229, 2063
What are the prime factors of 1437755?
5, 11, 26141
List the prime factors of 41076.
2, 3, 7, 163
What are the prime factors of 414355?
5, 79, 1049
List the prime factors of 60216.
2, 3, 13, 193
List the prime factors of 88383.
3, 17, 1733
List the prime factors of 1197922.
2, 11, 17, 3203
List the prime factors of 2305585.
5, 47, 9811
List the prime factors of 5815799.
11, 528709
What are the prime factors of 50671?
50671
What are the prime factors of 166252?
2, 89, 467
List the prime factors of 440825.
5, 7, 11, 229
What are the prime factors of 74025?
3, 5, 7, 47
What are the prime factors of 3732046?
2, 199, 9377
What are the prime factors of 9107297?
127, 71711
What are the prime factors of 582168?
2, 3, 127, 191
List the prime factors of 990759.
3, 7, 11, 4289
What are the prime factors of 1611682?
2, 349, 2309
List the prime factors of 9623081.
13, 740237
What are the prime factors of 2856801?
3, 47, 20261
What are the prime factors of 540734?
2, 29, 9323
List the prime factors of 1418652.
2, 3, 157, 251
What are the prime factors of 435000?
2, 3, 5, 29
List the prime factors of 19813660.
2, 5, 41, 73, 331
What are the prime factors of 13189833?
3, 23, 63719
What are the prime factors of 303682?
2, 151841
List the prime factors of 174852.
2, 3, 1619
What are the prime factors of 620088?
2, 3, 7, 3691
List the prime factors of 322175.
5, 7, 263
What are the prime factors of 102271?
13, 7867
List the prime factors of 11416376.
2, 1427047
List the prime factors of 4656767.
19, 137, 1789
List the prime factors of 5522643.
3, 7, 1789
List the prime factors of 20403148.
2, 983, 5189
What are the prime factors of 520503?
3, 173501
What are the prime factors of 1461444?
2, 3, 121787
List the prime factors of 533256.
2, 3, 17, 1307
What are the prime factors of 243676?
2, 60919
What are the prime factors of 6233120?
2, 5, 163, 239
List the prime factors of 453697.
79, 5743
List the prime factors of 7739644.
2, 11, 15991
List the prime factors of 6101626.
2, 3050813
What are the prime factors of 873669?
3, 41, 7103
What are the prime factors of 22536543?
3, 17, 163, 2711
List the prime factors of 999179.
199, 5021
What are the prime factors of 1861196?
2, 465299
List the prime factors of 174799.
174799
List the prime factors of 7346098.
2, 823, 4463
What are the prime factors of 1844100?
2, 3, 5, 683
What are the prime factors of 1323622?
2, 53, 12487
What are the prime factors of 4985452?
2, 1246363
List the prime factors of 224498.
2, 112249
What are the prime factors of 18060180?
2, 3, 5, 181, 1663
What are the prime factors of 4664715?
3, 5, 11, 17, 1663
What are the prime factors of 148096?
2, 13, 89
What are the prime factors of 238619?
47, 5077
List the prime factors of 4301166.
2, 3, 716861
What are the prime factors of 173837?
131, 1327
List the prime factors of 4502408.
2, 59, 9539
List the prime factors of 890612.
2, 53, 4201
What are the prime factors of 1347304?
2, 7, 491
What are the prime factors of 11696584?
2, 257, 5689
List the prime factors of 6668229.
3, 23, 241, 401
What are the prime factors of 18889284?
2, 3, 1574107
What are the prime factors of 419854?
2, 209927
What are the prime factors of 88138?
2, 127, 347
What are the prime factors of 7603479?
3, 13, 4999
List the prime factors of 23728255.
5, 4745651
List the prime factors of 146325.
3, 5, 1951
List the prime factors of 12560123.
2143, 5861
What are the prime factors of 60154?
2, 19, 1583
What are the prime factors of 2202015?
3, 5, 146801
List the prime factors of 58002.
2, 3, 7, 1381
List the prime factors of 29806461.
3, 29, 12689
List the prime factors of 369569.
19, 53, 367
What are the prime factors of 4317257?
7, 233, 2647
What are the prime factors of 99321?
3, 33107
What are the prime factors of 1301583?
3, 433861
List the prime factors of 70958.
2, 17, 2087
List the prime factors of 902557.
19, 67, 709
What are the prime factors of 1171653?
3, 7, 55793
List the prime factors of 333202.
2, 166601
What are the prime factors of 210808?
2, 13, 2027
List the prime factors of 4047954.
2, 3, 23, 29333
List the prime factors of 86729.
86729
List the prime factors of 13196054.
2, 101, 65327
List the prime factors of 27220316.
2, 23, 295873
What are the prime factors of 4173398?
2, 17, 131, 937
What are the prime factors of 2903709?
3, 967903
What are the prime factors of 15155?
5, 7, 433
What are the prime factors of 276383?
479, 577
What are the prime factors of 138287?
61, 2267
List the prime factors of 2141750.
2, 5, 13, 659
List the prime factors of 3867677.
11, 47, 7481
List the prime factors of 27085381.
27085381
List the prime factors of 570132.
2, 3, 5279
What are the prime factors of 5817964?
2, 199, 7309
What are the prime factors of 544988?
2, 136247
What are the prime factors of 2591190?
2, 3, 5, 7, 457
What are the prime factors of 13349522?
2, 17, 23, 43, 397
List the prime factors of 3332615.
5, 11, 13, 59, 79
List the prime factors of 4082571.
3, 71, 6389
List the prime factors of 6338353.
7, 31, 29209
What are the prime factors of 1062572?
2, 7, 137, 277
What are the prime factors of 105763?
7, 29, 521
What are the prime factors of 3936516?
2, 3, 328043
What are the prime factors of 3731115?
3, 5, 251, 991
List the prime factors of 1363380.
2, 3, 5, 31, 733
What are the prime factors of 542277?
3, 89, 677
List the prime factors of 6049153.
11, 49993
List the prime factors of 420993.
3, 29, 1613
List the prime factors of 11019035.
5, 2203807
What are the prime factors of 15470343?
3, 7, 245561
What are the prime factors of 1243852?
2, 149, 2087
List the prime factors of 60217.
60217
What are the prime factors of 5724047?
7, 817721
List the prime factors of 548139.
3, 182713
List the prime factors of 365093.
331, 1103
List the prime factors of 83432.
2, 10429
What are the prime factors of 352809?
3, 73, 179
List the prime factors of 715699.
715699
List the prime factors of 102959.
149, 691
What are the prime factors of 6908842?
2, 3454421
What are the prime factors of 888901?
13, 101, 677
List the prime factors of 958840.
2, 5, 23971
List the prime factors of 4190825.
5, 167633
List the prime factors of 142807.
7, 23, 887
What are the prime factors of 468480?
2, 3, 5, 61
What are the prime factors of 288924?
2, 3, 24077
List the prime factors of 617089.
11, 56099
What are the prime factors of 1068360?
2, 3, 5, 29, 307
List the prime factors of 20746759.
11, 23, 82003
List the prime factors of 191195.
5, 38239
What are the prime factors of 14468388?
2, 3, 11, 109609
What are the prime factors of 618792?
2, 3, 19, 23, 59
List the prime factors of 367220.
2, 5, 7, 43, 61
What are the prime factors of 7401181?
7401181
What are the prime factors of 5915753?
59, 100267
What are the prime factors of 267080?
2, 5, 11, 607
List the prime factors of 2125995.
3, 5, 271, 523
What are the prime factors of 143759?
7, 11, 1867
List the prime factors of 12378184.
2, 7, 13, 347
List the prime factors of 636673.
636673
List the prime factors of 16387329.
3, 7, 19, 67, 613
What are the prime factors of 41859068?
2, 10464767
What are the prime factors of 416370?
2, 3, 5, 13879
List the prime factors of 1395991.
1395991
What are the prime factors of 30780091?
30780091
List the prime factors of 490599.
3, 19, 151
What are the prime factors of 15088910?
2, 5, 163, 9257
List the prime factors of 861835.
5, 13, 13259
List the prime factors of 1137469.
877, 1297
What are the prime factors of 15657959?
109, 143651
List the prime factors of 22870252.
2, 5717563
What are the prime factors of 116139?
3, 38713
List the prime factors of 2853395.
5, 31, 41, 449
What are the prime factors of 3814566?
2, 3, 7, 90823
What are the prime factors of 38191387?
13, 19, 154621
List